 prime?
False
Is 612923 composite?
False
Is 802231 composite?
False
Is 6247 prime?
True
Is 2939 a prime number?
True
Is 98461 a prime number?
False
Is 675067 composite?
False
Is 996909 a composite number?
True
Is 63689 a composite number?
False
Is 52973 a composite number?
False
Is 113011 prime?
True
Is 947 a composite number?
False
Is 1460363 a prime number?
False
Is 5209 composite?
False
Is 1566083 prime?
True
Is 40277 prime?
True
Is 8657 a prime number?
False
Is 125479 a prime number?
False
Is 32957 a prime number?
True
Is 58139 a composite number?
True
Is 51767 a prime number?
True
Is 5513 a composite number?
True
Is 53321 a composite number?
True
Is 23731 composite?
True
Is 1817 a prime number?
False
Is 316933 a prime number?
False
Is 91673 a prime number?
True
Is 48281 a prime number?
True
Is 6037 a composite number?
False
Is 109789 prime?
True
Is 311113 prime?
False
Is 707669 prime?
True
Is 586 a prime number?
False
Is 15891 prime?
False
Is 205759 composite?
False
Is 17077 a composite number?
False
Is 82883 a prime number?
True
Is 11027 a prime number?
True
Is 25939 a prime number?
True
Is 54551 a composite number?
True
Is 237689 a composite number?
False
Is 173917 prime?
True
Is 107563 composite?
False
Is 59854 prime?
False
Is 96583 a prime number?
False
Is 47869 composite?
False
Is 56417 prime?
True
Is 47407 prime?
True
Is 2267 composite?
False
Is 273085 a composite number?
True
Is 521 a composite number?
False
Is 46723 prime?
True
Is 3935 prime?
False
Is 176363 composite?
True
Is 2923 a prime number?
False
Is 732729 prime?
False
Is 255071 composite?
False
Is 31534 a prime number?
False
Is 8247 composite?
True
Is 115043 a prime number?
False
Is 17617 composite?
True
Is 4589 prime?
False
Is 50539 prime?
True
Is 196439 prime?
True
Is 16097 a composite number?
False
Is 287977 composite?
False
Is 636313 a prime number?
True
Is 512403 composite?
True
Is 41765 a prime number?
False
Is 11113 prime?
True
Is 1418 a composite number?
True
Is 249143 a prime number?
True
Is 10085 composite?
True
Is 655 a composite number?
True
Is 96053 a composite number?
False
Is 300853 a prime number?
False
Is 1283 prime?
True
Is 306941 composite?
False
Is 2206 a composite number?
True
Is 46337 a prime number?
True
Is 16503 a composite number?
True
Is 6997 a composite number?
False
Is 2149 a composite number?
True
Is 901 composite?
True
Is 648821 a composite number?
True
Is 235951 a prime number?
True
Is 24763 a composite number?
False
Is 863 composite?
False
Is 2626567 composite?
False
Is 1215685 prime?
False
Is 10133 prime?
True
Is 264113 composite?
False
Is 2579 a composite number?
False
Is 1103065 a prime number?
False
Is 39391 composite?
True
Is 1069 composite?
False
Is 164953 a prime number?
True
Is 17803 composite?
True
Is 254803 a prime number?
True
Is 130927 prime?
True
Is 629 composite?
True
Is 808211 a prime number?
True
Is 481853 a prime number?
False
Is 8329 prime?
True
Is 21745 a prime number?
False
Is 500363 composite?
False
Is 3791 composite?
True
Is 1622073 a prime number?
False
Is 4413 a prime number?
False
Is 9753 a prime number?
False
Is 61154 a composite number?
True
Is 4835 a composite number?
True
Is 239906 a composite number?
True
Is 102637 a prime number?
False
Is 83383 composite?
False
Is 38939 a composite number?
True
Is 6267453 composite?
True
Is 36973 prime?
True
Is 11719 prime?
True
Is 291 a prime number?
False
Is 645059 prime?
False
Is 274147 prime?
True
Is 1333 a composite number?
True
Is 256721 a composite number?
False
Is 1007 prime?
False
Is 54617 composite?
False
Is 718789 composite?
True
Is 434255 prime?
False
Is 58303 a prime number?
False
Is 5711 prime?
True
Is 48827 composite?
True
Is 3937 a composite number?
True
Is 146158 composite?
True
Is 447589 a composite number?
True
Is 19661 a composite number?
False
Is 719 a prime number?
True
Is 748301 a composite number?
False
Is 607247 a composite number?
True
Is 1733 composite?
False
Is 3343 composite?
False
Is 12889 a composite number?
False
Is 167815 composite?
True
Is 158837 prime?
False
Is 65767 prime?
False
Is 47881 a prime number?
True
Is 130859 a prime number?
True
Is 181069 a composite number?
True
Is 1176911 a composite number?
False
Is 21137 prime?
False
Is 688201 composite?
False
Is 215795 a prime number?
False
Is 18373 prime?
False
Is 19121 a prime number?
True
Is 5587069 composite?
True
Is 839921 prime?
True
Is 1725643 prime?
False
Is 55847 a prime number?
False
Is 74131 a composite number?
False
Is 59987 composite?
True
Is 43203 a prime number?
False
Is 206173 a prime number?
False
Is 304193 a composite number?
False
Is 7817 composite?
False
Is 49853 composite?
False
Is 36809 composite?
False
Is 52667 a composite number?
False
Is 19121 prime?
True
Is 487 prime?
True
Is 22147 composite?
False
Is 576218 a prime number?
False
Is 9091 a composite number?
False
Is 6109 prime?
False
Is 8209 a prime number?
True
Is 1558993 composite?
True
Is 77906 composite?
True
Is 55289 prime?
False
Is 23245 composite?
True
Is 7283 composite?
False
Is 14047 prime?
False
Is 16787 prime?
True
Is 95614 a composite number?
True
Is 2857591 prime?
False
Is 51089 prime?
False
Is 6521 a prime number?
True
Is 175729 a composite number?
True
Is 15863 a prime number?
False
Is 454187 a composite number?
True
Is 36029 composite?
True
Is 62747 a prime number?
False
Is 2477 a prime number?
True
Is 42859 prime?
True
Is 2657 prime?
True
Is 34061 a prime number?
True
Is 20074 a composite number?
True
Is 2579 a prime number?
True
Is 21871 prime?
True
Is 9127 a composite number?
False
Is 36413 a prime number?
False
Is 10039 a prime number?
True
Is 1205 prime?
False
Is 94735 composite?
True
Is 373 prime?
True
Is 320291 a composite number?
False
Is 7283 a composite number?
False
Is 174989 a prime number?
True
Is 27941 prime?
True
Is 72689 a prime number?
True
Is 99413 prime?
False
Is 55997 a composite number?
False
Is 498867 a composite number?
True
Is 38797 prime?
False
Is 40459 composite?
False
Is 103141 composite?
False
Is 10687 a prime number?
True
Is 511393 composite?
True
Is 229397 a prime number?
False
Is 4871 composite?
False
Is 1499 composite?
False
Is 773533 prime?
True
Is 3593 prime?
True
Is 409 a composite number?
False
Is 337735 a prime number?
False
Is 706427 a prime number?
True
Is 235577 a composite number?
False
Is 4733 composite?
False
Is 75127 prime?
False
Is 157393 composite?
False
Is 545663 prime?
True
Is 14583 a prime number?
False
Is 488779 prime?
True
Is 16307 a composite number?
True
Is 1781 composite?
True
Is 162209 composite?
False
Is 281137 composite?
True
Is 1819 a prime number?
False
Is 12913 a composite number?
True
Is 46357 a prime number?
False
Is 4045 a composite number?
True
Is 20849 prime?
True
Is 105951 composite?
True
Is 127615 prime?
False
Is 2761 a prime number?
False
Is 208157 prime?
False
Is 3622835 a prime number?
False
Is 26219 composite?
True
Is 6109 composite?
True
Is 3637 composite?
False
Is 255698 composite?
True
Is 12197 composite?
False
Is 1914271 composite?
True
Is 9839 a prime number?
True
Is 5599 composite?
True
Is 1778393 a prime number?
True
Is 10027 a prime number?
False
Is 194227 composite?
True
Is 23007 a composite number?
True
Is 420439 a composite number?
False
Is 80269 prime?
False
Is 14621 a composite number?
False
Is 8587 a composite number?
True
Is 1946809 prime?
True
Is 153407 prime?
True
Is 750641 prime?
True
Is 800323 a composite number?
True
Is 5701 a prime number?
True
Is 733857 a composite number?
True
Is 11279 a prime number?
True
Is 163 composite?
False
Is 7167 prime?
False
Is 1349 composite?
True
Is 84163 composite?
False
Is 113683 a composite number?
False
Is 207923 a composite number?
False
Is 17257 a composite number?
False
Is 157089 a prime number?
False
Is 7297 a composite number?
False
Is 1509319 prime?
False
Is 469919 a composite number?
False
Is 154949 a composite number?
True
Is 2326865 composite?
True
Is 3299 prime?
True
Is 200951 a prime number?
False
Is 176029 prime?
False
Is 266986 prime?
False
Is 39761 prime?
True
Is 2438767 a composite number?
False
Is 61933 a prime number?
True
Is 3761 a composite number?
False
Is 13157 prime?
False
Is 269981 a prime number?
True
Is 269681 composite?
True
Is 9745 a prime number?
